of g and 10.
10
Let l(j) = 10*j + 1422. Let o be l(63). What is the highest common factor of o and 135?
27
Suppose 18*c + 3073 - 7128 = 4657. Suppose -6*u + 21 = -3. What is the greatest common factor of c and u?
4
Let l(h) = h**3 - 19*h**2 + 2*h - 25. Let b be 18*((-24)/(-16))/(6/(-2)). Let k = b + 28. Let t be l(k). Calculate the highest common divisor of 26 and t.
13
Let k = 2441 + -2365. Calculate the highest common divisor of 16036 and k.
76
Let b(n) = n**3 + 58*n**2 + 48*n - 480. Let v be b(-57). What is the highest common factor of 39 and v?
3
Suppose 0*s = 7*s + 245. Let d(w) = -2*w**2 + 8*w + 3. Let g be d(7). Let h = s - g. Calculate the highest common divisor of 20 and h.
4
Suppose 0 = 5*d + 10, 0 = 4*l + 2*d - d - 34. Suppose 5*y + 5*q = 45, 5*q = -3*y - l + 36. Let w = -13 + 19. Calculate the greatest common factor of w and y.
3
Let u(p) = -p**2 - 3*p + 368. Let d be u(0). Let h = -349 + d. Calculate the greatest common factor of h and 133.
19
Suppose -39*c + 61*c - 308 = 0. Calculate the highest common factor of c and 2611.
7
Suppose 0 = 3*g + 18 - 21. Let i be (3 - g) + (65 - 2). Calculate the highest common factor of i and 26.
13
Let m = -22149 - -38074. What is the highest common divisor of m and 49?
49
Let n = 453 + -188. Let z be 0 + (-2)/10 - (-41393)/n. Let j be (-7 + 11)/(1/26). Calculate the greatest common factor of z and j.
52
Let z(l) be the second derivative of -22*l**3/3 + 44*l**2 - 12*l. Let q be z(-5). What is the highest common divisor of q and 28?
28
Suppose -16*q = -10*q - 1596. Suppose -261*a - 50 = -q*a. Calculate the greatest common factor of a and 14.
2
Let m = 5 + -1. Let u be 752/m + (2 - 1). What is the greatest common divisor of u and 36?
9
Let s = -31 + 28. Let z be (-3484)/(-39) + (-2)/s. Let o be (-6)/2*(-19 + 4). What is the highest common factor of z and o?
45
Let p = -8152 - -8200. Calculate the greatest common factor of p and 5448.
24
Let k(y) = -y**3 - 8*y**2 - 3*y - 17. Let s = 191 - 199. Let g be k(s). Calculate the greatest common divisor of 203 and g.
7
Let v be -1 + 3469 - ((-1386)/(-7))/(-18). What is the greatest common factor of 213 and v?
71
Suppose 0 = -2*l - l. Let u be 16/(-10)*((-5)/2 + l). Let p be 4 - (1 - u - 123). What is the highest common divisor of p and 52?
26
Let g = 29 - 26. Suppose -g*q = 2*q - 5, q = o - 79. What is the greatest common divisor of 16 and o?
16
Let v be (-1 - -6) + (6 - 6). Suppose -222 = -3*t - 3*z, 18*t + z = 22*t - 276. Calculate the greatest common factor of v and t.
5
Suppose -61*t + 173799 = 96*t. Let y = 141 - 100. Calculate the greatest common factor of y and t.
41
Let r(q) = q**2 - 7*q + 40. Let u be r(8). Suppose 38*s - 29*s = 54. Calculate the highest common factor of s and u.
6
Let d be (-24)/(-1) - (8 + -5). Suppose 7*q = 8*q - d. Let t = 261 + -240. What is the highest common divisor of t and q?
21
Suppose -3*g = 12, 3*p + 4*g - 72525 = 108491. Calculate the highest common factor of 152 and p.
152
Let j = 611 - 381. Suppose -170 = 10*v - j. Calculate the highest common factor of v and 12.
6
Let t(w) = -w**2 + 31*w - 160. Let h be t(7). What is the highest common factor of 578 and h?
2
Suppose 3*g - 6*f + 5*f + 25 = 0, 0 = -4*g - f - 31. Let u = 6 + 11. Let m = u + g. Calculate the highest common factor of m and 27.
9
Let o = 155 - 74. Suppose 2*g = -2, -3*g + o = s - 0*s. Suppose -3*p + 62 = -22. Calculate the highest common factor of s and p.
28
Let v(k) = -2*k**2 - 37*k - 49. Let x be v(-10). Let b = x + 47. What is the greatest common divisor of b and 48?
24
Let f be (1 + 626)*96/72. Calculate the greatest common factor of 264 and f.
44
Suppose 3*h + 6883 = 4*n + 1204, 2*n - h - 2837 = 0. What is the highest common factor of 18 and n?
6
Let c be 9 - (-3 + 10/2)*2. Suppose 9*z = 7*z - 3*g + 8, 29 = c*z + 3*g. Calculate the highest common divisor of 56 and z.
7
Let g = -4555 + 9396. Calculate the highest common divisor of 103 and g.
103
Let m = 259 - 119. Suppose 6*q = q + m. What is the greatest common factor of q and 28?
28
Let i = 94 - 38. Suppose -31*k = -16*k - 9240. What is the greatest common factor of i and k?
56
Let l be (-89)/(-7) - 4/(-14). Suppose -90*n = -81*n + 45. Let g be (0 - l)/(n + 4). What is the highest common divisor of 13 and g?
13
Let r(c) = 52*c - 6040. Let n be r(120). Calculate the greatest common factor of 2190 and n.
10
Suppose n - 263 = -4*t, -3*n + 275 + 500 = 5*t. Let d(q) = -54*q**2 - 598*q - 29. Let p be d(-11). Calculate the greatest common divisor of n and p.
15
Suppose -12*x + 23430 = 2*z, -5*z = 7*x - 4*x - 58710. What is the greatest common divisor of 108 and z?
27
Let q(o) = -5*o - 42. Let n = 44 + -55. Let u be q(n). Let a = 3 + u. What is the greatest common divisor of a and 8?
8
Let o be ((2 - 1) + (-4)/6)*33. Let c = 55 + 44. Let k be 1/(3/c - 0). Calculate the greatest common factor of o and k.
11
Let k be (72 + 0)*2*(-1)/2. Let d be (-3)/(k/2408) + 2/(-6). What is the greatest common factor of d and 25?
25
Let i = 3520 + -3508. What is the highest common divisor of i and 141?
3
Let g(y) = -y**3 + 3*y**2 + 9*y - 20. Let v be g(3). Let i be 279/v + -3 + (-9)/(-63). Calculate the highest common divisor of 74 and i.
37
Suppose -3*v = -405 + 54. Suppose -4*t = 3*b - 156, 6*t + b - v = 3*t. What is the greatest common divisor of 741 and t?
39
Let p be -1 + (-1)/(-1) - -8. Suppose u = -4*z + 684, 2*u = -3*z - u + 522. Let x = 242 - z. What is the greatest common divisor of x and p?
8
Let j = 566 + -509. Let k = 149 + -54. What is the greatest common factor of j and k?
19
Suppose 22*d = 2*r + 23*d - 65, -5*r + 6*d = -205. Let o = 28 - 18. What is the greatest common divisor of o and r?
5
Let w(l) = 3*l**2 + 13*l - 32. Let n be w(3). Suppose n - 118 = -6*m. Suppose 0 = -4*b + 329 + 63. Calculate the greatest common factor of b and m.
14
Suppose 2142 - 569 = 13*b. Suppose 2*k = b + 71. What is the highest common divisor of 432 and k?
48
Let k be ((-5460)/(-336))/((-15)/(-5772)). Calculate the greatest common divisor of k and 37.
37
Let w(y) = -13 - 3 - 13 - 371*y. Let c be w(-1). What is the highest common divisor of c and 38?
38
Suppose 0 = 331*s - 41*s - 1524650 + 436570. Calculate the highest common factor of 140 and s.
28
Let g(s) be the second derivative of s**3/6 + 21*s**2/2 + 9*s. Let n be g(-21). Suppose n = p + 3*p - 128. What is the highest common divisor of 16 and p?
16
Let m be (-48)/5 - -12 - 3/(-5). Suppose -5*w + 29*p - 33*p + 74 = 0, 66 = m*w - 3*p. What is the greatest common divisor of 42 and w?
6
Suppose 3*b - 10746 + 1653 = 3*h, 3*b - 9058 = -2*h. What is the highest common factor of 270 and b?
54
Suppose 6*b - 15*b + 396 = 0. What is the greatest common factor of b and 132?
44
Suppose -v - 107*k = -108*k - 152, 4*k = 5*v - 755. What is the highest common divisor of v and 28?
7
Let r be (-36)/((1 - -1)*(-4)/20). Suppose -5*t + 160 = -5*d, -28*t + 28 = -27*t - 2*d. Calculate the highest common factor of r and t.
18
Suppose -4*y = 4, -s + 5*y - 2 = -70. Suppose 0 = -9*v + 1205 - 1016. Calculate the highest common factor of v and s.
21
Suppose -41*r + 482 = -9153. Calculate the highest common factor of 7097 and r.
47
Let k = 479 + -382. Suppose 3*z = -2*j + 26 + 167, j + z - k = 0. Calculate the highest common divisor of j and 28.
14
Let i be -4 - 7*(-28 + (-8)/(40/15)). What is the greatest common factor of i and 10650?
213
Let a be (0 + 0 + -1)*(-6 + -4). Let c(v) = 12*v**2 - 110*v - 17. Let f be c(a). What is the greatest common divisor of 83 and f?
83
Let j be (-15)/4*(168/(-18) + 0). Let a(d) = 3*d - 99. Let h be a(j). What is the highest common factor of 10 and h?
2
Let y(p) = 2878*p + 1093. Let q be y(5). Calculate the highest common factor of q and 39.
39
Suppose -77*v - 38*v + 231240 = 8*v. What is the highest common factor of 1175 and v?
235
Suppose -g - 4*g - t + 151 = 0, 39 = g - 2*t. Suppose -4*d = -29 - g. Calculate the highest common divisor of d and 30.
15
Suppose -12*g - 8994 = -28*g + 4894. Calculate the highest common divisor of g and 140.
28
Suppose -3*h - 2 = 4, -l - 3 = 4*h. Suppose 0 = -2*s - l*j - 25, s + 7*j - 3*j + 5 = 0. Let z = s - -36. Calculate the highest common divisor of z and 22.
11
Let u = -2006 + 2033. Calculate the greatest common factor of 4023 an